 - 4. Let c be t(-2). Let h be c/(2 + (-10)/4). Let i = h + 55. What is the tens digit of i?
3
Let d(m) = -6*m + m**2 + m + 7*m + 2. Let l be d(-4). Suppose 81 - l = w. What is the tens digit of w?
7
Suppose 6*c - 2 = 10. Suppose -2*y - 3*o + 51 = c*y, 4*o = y - 8. What is the tens digit of 1/((-2)/y)*-30?
8
What is the units digit of 3*50/(-60)*-2122?
5
Suppose 3*h + 0*a - 6 = -2*a, 0 = -a + 3. Suppose -6*x + 3*x + 5*u + 663 = 0, h = -x - 4*u + 238. What is the tens digit of x?
2
Let t(p) = -70*p - 1231. Let q be t(-20). Let m = 325 - 17. Let x = m - q. What is the tens digit of x?
3
Let y = -219 - -238. Suppose 6346 = y*o - 1501. What is the tens digit of o?
1
Let m(d) = 53*d**3 - 12*d**2 - 8*d + 58. What is the thousands digit of m(4)?
3
Let y = 13998 - 8599. What is the units digit of y?
9
Let m = 20446 + -12215. What is the units digit of m?
1
Let b(m) be the second derivative of -m**5/20 + 7*m**4/6 - m**3/6 + 17*m**2/2 + 8*m. Let d be b(14). Suppose d*k - 36 - 60 = 0. What is the units digit of k?
2
Let y(p) = 33*p + 30. Let g(w) = -11*w - 10. Suppose 5*j - 17*j = -96. Let n(x) = j*g(x) + 3*y(x). What is the hundreds digit of n(11)?
1
Let i be (15/(-10 + 5) - -4) + 8. What is the tens digit of 1288/2 + i + -8?
4
Let k(z) = 851*z - 5771. What is the hundreds digit of k(13)?
2
Suppose 0 = 3*s - s + x - 9, 0 = -5*s + x + 5. Let z be 43/((-36)/(-16) - s). Let r = -95 + z. What is the tens digit of r?
7
Let w(z) = 16*z**2 + 7*z + 10. Let v be (1 - -2)*2/3*-1. Let t be (7*(-1)/(-7))/(v/4). What is the tens digit of w(t)?
6
Suppose 40101 + 91534 = 37*s - 45262. What is the thousands digit of s?
4
Let k(b) = b**3 - 5*b**2 + 4*b + 18. Let n be k(-8). Let t = -424 - n. Suppose 0 = 5*z - 4*o - 675, t = z + 2*z + o. What is the tens digit of z?
3
Let g = 322 - 2540. Let m = 3544 + g. What is the thousands digit of m?
1
Let a(h) be the third derivative of -h**6/120 - 11*h**5/60 + 37*h**4/24 + 11*h**3/3 + 55*h**2. What is the tens digit of a(-15)?
6
Suppose -r = 5*j - 449, 5 = 2*j + 3. Let a = 631 - r. What is the units digit of a?
7
Let l be (-12)/(6 - 4)*1/2. Let v be l + -1*(-1 - 1) + 5. Suppose 3*j = -v*f + 8*f - 305, f - 73 = 4*j. What is the units digit of f?
7
Let s = 3363 + 6084. What is the thousands digit of s?
9
Suppose 50 = o + o. Let k = -28 + o. What is the units digit of ((-675)/3)/k - 3?
2
Suppose 3 + 3 = 2*n. Suppose -n*r + 6 = 5*f - 2*f, 0 = -2*r + 4*f - 14. What is the units digit of (-1 + 2)/(r*(-4)/296)?
4
Let m = 158 - 366. What is the tens digit of (14 - m)/((-3)/(-4))?
9
Let c = -4 + 10. Let w = c + 38. What is the tens digit of w?
4
Suppose -3*h - 4*b + 10 = 0, 0 = 5*h + b + 3*b - 14. Let g be h/(-3 - -7)*-60. What is the units digit of (-12)/(-90) + (-776)/g?
6
What is the ten thousands digit of (12 - -11194) + (-7 - 2)?
1
Suppose 16 = 5*v - 2*g, -4*v + 0*g + 5*g + 6 = 0. Suppose 0*b + 3*b - 559 = -v*r, 0 = b + 3*r - 193. Let i = b + -128. What is the units digit of i?
3
Suppose 0 = f - 3*f - 4*k + 12, 3*k - 22 = 5*f. Let q(w) = 2*w**3 + 5*w**2 + 9*w + 8. Let b be q(f). What is the tens digit of (1*173)/(b/(7 + -13))?
7
Let n = -2146 - -3703. Let q = n + -1110. What is the tens digit of q?
4
Let h be (1 - (-14)/(-18)) + 2689/9. Let p be -3 - 0 - (6*h)/(-6). Suppose -4*d - 2*z + p = 0, 2*d - 80 = 3*z + 52. What is the units digit of d?
2
Let g(k) = k**2 + k + 352. Suppose -4*s = 2*r - 12, 5*r - 3*s = -0 - 9. What is the hundreds digit of g(r)?
3
Suppose -4*j + 11 = -3*g, 4*j - 3*j = 4*g - 7. Suppose g*b = 4*w + 1414, w - 1917 = b - 5*b. Suppose -620 - b = -9*t. What is the hundreds digit of t?
1
Let o = 1988 - 1593. What is the hundreds digit of o?
3
Let g(i) be the first derivative of i**2/2 + 2*i + 15. Let k be g(2). Suppose v - p = -k*p + 19, 3*p + 20 = 2*v. What is the units digit of v?
3
What is the ten thousands digit of ((-14)/4 + 2)/(15/(-7 + -155063))?
1
Let w(d) = -d**3 - 11*d**2 - 12*d - 18. Let s be w(-10). Suppose 5*i + s*q + 20 - 447 = 0, -3*i = 5*q - 241. What is the tens digit of i?
8
Suppose -3*w + 14432 = c, -12*w + 4808 = -11*w + 3*c. What is the hundreds digit of w?
8
Suppose -3*u + y + 13476 = 0, 31*u - 26*u + y - 22452 = 0. What is the tens digit of u?
9
Let n(j) = 23005*j**2 + 426*j - 425. What is the hundreds digit of n(1)?
0
Suppose 74 = 3*o - 514. Suppose z = 3*b - 130, -2*b = -3*b. Let m = o + z. What is the units digit of m?
6
Let t be (7/(-21))/(2/348). Let y = t + 286. What is the units digit of y?
8
Suppose -b + 154*g = 156*g - 2272, 5*g = 3*b - 6838. What is the units digit of b?
6
Let a(u) be the first derivative of -u**3/3 + 2*u**2 + 15*u - 2. Let p be a(0). Suppose -3*r = -3*g + 114, -p + 63 = g + 4*r. What is the units digit of g?
0
Let a(v) = 527*v + 8785. What is the ten thousands digit of a(98)?
6
Let w = 101 - 83. Suppose 1381 = 4*n - w*x + 19*x, x - 1725 = -5*n. What is the units digit of n?
4
Let p be 3*2 + -2 - (-600)/(-6). Let y be (p/(-10))/(-3*(-2)/320). Suppose -10*f + y + 38 = 0. What is the tens digit of f?
5
Let b(u) = u**3 + 4*u**2 - u - 4. Let f be b(-3). Let p be (f/(-6))/(4 + 2450/(-615)). What is the tens digit of p*2*(-3)/6?
8
Suppose -q + 172*x - 171*x + 41510 = 0, -5*q + 2*x + 207538 = 0. What is the hundreds digit of q?
5
Suppose -2*d + 5*v = -19757, 2*d + 25*v = 26*v + 19745. What is the thousands digit of d?
9
What is the hundreds digit of ((-2)/(-10)*-2)/(12/(2623680/(-4)))?
8
Let n(t) = -t**3 - 37*t**2 - 22*t + 37. What is the tens digit of n(-51)?
7
What is the tens digit of (40/6)/(34*22/60588)?
4
Let s(o) = -4*o**3 - 13*o**2 - 12*o + 16. Suppose 20 = -3*k + 17. Let f(d) = -d**3 - 2*d. Let l(h) = k*s(h) + 3*f(h). What is the tens digit of l(-10)?
2
Suppose n - 27481 = -z, -n + 54964 = 60*z - 58*z. What is the ten thousands digit of z?
2
Suppose 487824 = 1982*v - 1934*v. What is the tens digit of v?
6
Let f = -88 - -92. Suppose -g + 2*z = -217, 5*z - 229 = -g + f*z. What is the tens digit of g?
2
Suppose 674*v - 729*v = -1365320. What is the ten thousands digit of v?
2
Let w = -11 - -70. Suppose 0*j + 87 = j. Let i = j - w. What is the units digit of i?
8
Let c(a) be the second derivative of 92*a**3/3 + 27*a**2 - 47*a + 2. What is the units digit of c(7)?
2
Let p(f) be the second derivative of f**4/12 - 3*f**3/2 + 5*f**2 - 2*f. Let j be p(8). Suppose 270 = j*u + u. What is the units digit of u?
0
Let d(w) = 831*w**2 + 25*w - 41. What is the tens digit of d(-3)?
6
Let c(d) = 25*d**3 + 17*d**2 + 18*d + 23. What is the hundreds digit of c(7)?
5
Let p = 5274 - 2922. Suppose 5*u + 3*o - p = 0, 3*o - 6*o = -2*u + 945. What is the tens digit of u?
7
Suppose -2 = p - 18. Let l(b) = 39*b + 9. Let q(r) = 19*r + 4. Let o(k) = -2*l(k) + 5*q(k). What is the units digit of o(p)?
4
Let d = 8203 - -29302. What is the thousands digit of d?
7
Suppose 129*s = 122*s + 57617. What is the hundreds digit of s?
2
Suppose 5*p = -5*q + 72726 + 32374, -2*q + 5*p = -41991. What is the hundreds digit of q?
0
Suppose -4 = 2*u, -2*i - i = -2*u + 20003. Let f be (i/(-52))/(1/4). Suppose -5*m + 292 = -f. What is the tens digit of m?
6
Let a = -7 + 241. Suppose 0 = -4*r - 0*i + 5*i + 193, 5*r = -i + a. What is the tens digit of 3/(-2)*(3 - r)?
6
Let f = -37 - -40. Suppose f*x = -19 - 11. What is the units digit of 0/(-3) + x*(-10)/4?
5
Suppose 0 = 20*z - 23*z - 207. Let n = z - -423. What is the hundreds digit of n?
3
Let v(m) = -48*m**3 - 6*m**2 - 28*m - 136. What is the tens digit of v(-8)?
8
Let w = 757 - 525. Let z(k) = 12*k**2 - 110*k - 6. Let o be z(8). Let f = w + o. What is the units digit of f?
4
Let u(n) = 234*n - 2569. What is the units digit of u(55)?
1
Let m(n) = n + 24. Let s be m(-29). What is the hundreds digit of -3 - (-9648)/8 - s?
2
Let x = -34 + -502. What is the units digit of -3*x/(-10)*-1*5?
4
Let i = 46 + -42. Suppose 6 = g - i*g. What is the tens digit of (g - (-36)/8)*26?
6
Let n be ((-6)/8)/(39/(-104)). Suppose -q + n*q - 5 = 0. Suppose q*t + f - 180 = 0, -2*t + 4*f - 36 = -3*t. What is the units digit of t?
6
Let o = 100 + -65. Let f = 43 + o. Suppose 0 = v - 2*d - 45, -3 - f = -2*v + d. What is the units digit of v?
9
Suppose -5*s + 12 = -38. Suppose -12 = s*p - 62. What is the tens digit of (-145)/(-1) - (p - 2)?
4
Let m be (-22)/(-77) + 4/(-14). Suppose m = -4*d